Let a be -1*2 + 2/1. Suppose 2*t = 4*k + 22, a*k - 4*k + 44 = 4*t. Suppose 2*d = 29 + t. Calculate the remainder when d is divided by 11.
9
Suppose -2*i - 4*c = -30, -4*c + 18 = -2. Suppose 0 = -0*f - 2*f + 10, -5 = -i*h + 5*f. Calculate the remainder when 22 is divided by h.
4
Suppose -c + 105 = 4*f, -64 = -5*f - c + 67. Calculate the remainder when 103 is divided by f.
25
Let v = 114 + -37. Let i = v - 34. What is the remainder when i is divided by 15?
13
Let a = 3 + -2. Let q be -5*(a + 2*-1). Suppose 2*l + 5*g + 23 = q*l, 0 = 2*l + 2*g + 6. Calculate the remainder when 2 is divided by l.
0
Suppose -4*i = 3*j, 0 = 4*i - 3*j - 2*j - 32. What is the remainder when i is divided by 2?
1
Let m(d) = 39*d - 3. Let g be m(-2). Let o = g - -132. What is the remainder when o is divided by 13?
12
Let q = 8 - -1. What is the remainder when 35 is divided by q?
8
What is the remainder when 13 is divided by 4/(-2*5/(-5))?
1
Let r = -7 - -12. Suppose 2*h = 3*h - 3. Suppose -7*v = -h*v + 16, v = r*y - 139. Calculate the remainder when y is divided by 14.
13
Calculate the remainder when 37 + 2/2 + -2 is divided by 10.
6
Suppose 3*f - 4*y - 21 - 4 = 0, -2*y = 8. Suppose -13 = -f*u + 14. What is the remainder when 33 is divided by u?
6
Let k = 100 + -66. Calculate the remainder when 169 is divided by k.
33
Suppose -11*c + 96 - 8 = 0. Calculate the remainder when 27 is divided by c.
3
Let d(v) = -v**2 + 9*v. Let k be d(9). Suppose k = -2*n + 5*x + 3 + 3, 0 = -n - 5*x + 18. What is the remainder when 14 is divided by n?
6
Let w be (-70)/22 + (-12)/(-66). Let x = w - 7. Let b = 17 + x. Calculate the remainder when b is divided by 3.
1
Let c = 114 - 75. Calculate the remainder when 152 is divided by c.
35
Suppose m + 15 = 30. Let p = 13 + -9. Suppose p*u - 84 = u. What is the remainder when u is divided by m?
13
Let c(w) = w**3 + w**2 - w + 44. Suppose 2*v + 109 = 5*m - 0*v, -3*v = -9. Calculate the remainder when c(0) is divided by m.
21
Let h be 28/16 - (-1)/4. Let t = h - -2. Suppose 4*l = -t*u + 36, -2*u + 4 = l - 6*u. Calculate the remainder when 15 is divided by l.
7
Let v(u) = -u**2 + 9*u + 3. Let t be v(9). Let j be 0/((9/t)/(-3)). Suppose -3*y - 6 = j, 2*y = a + 5 - 23. Calculate the remainder when 27 is divided by a.
13
Suppose 6*i - 35 = 19. Let m(b) = b**2 - b - 5. What is the remainder when m(5) is divided by i?
6
Suppose -5*l - 38 = -3*f, -4*f + 0*f + 3*l + 69 = 0. What is the remainder when 41 is divided by f?
20
Suppose 5*u = -168 + 8. Let q = u + 53. What is the remainder when 83 is divided by q?
20
Let z = 4 + 10. Let q = -96 - -134. Calculate the remainder when q is divided by z.
10
Calculate the remainder when (-850)/(-12) - 3/(-18) is divided by 18.
17
Let j(v) = -v**3 - 5*v**2 - 4*v - 10. Calculate the remainder when 15 is divided by j(-5).
5
Let p = 8 - 2. Let a(n) = n**2 - 2*n - 8. Calculate the remainder when 63 is divided by a(p).
15
Let m be 9 + -3*(0 - 1). Let z(b) = -b**2 + b. Let c be z(0). Suppose -l + c*l = -m. Calculate the remainder when 23 is divided by l.
11
Let a(b) = -b**2 + 10*b - 3. Suppose 5*r + 0*r + 15 = 0. Calculate the remainder when 59 + -1*(r - 0) is divided by a(6).
20
Suppose 5*l = 2*d - 79, 4*d = 7*d - l - 86. Let o = -1 - -11. What is the remainder when d is divided by o?
7
Let r = -131 + 223. What is the remainder when r is divided by 16?
12
Let y = 16 + -2. What is the remainder when 24 is divided by y?
10
Suppose -r + 30 = -5*z, 6*z - 5*z - 72 = -5*r. Suppose -r = p - 5. Let g = p - -23. Calculate the remainder when 25 is divided by g.
12
Let s be 3/12*(5 + -1). Let j = 14 - s. Calculate the remainder when j is divided by 8.
5
Let l be (-2)/(-7) + 234/14. Let i = l - 5. Calculate the remainder when (46/(-3))/((-8)/12) is divided by i.
11
Let o(u) = u**2 - 8*u - 4. Let x be o(9). Suppose 3*f = 2*f + x. What is the remainder when 17 is divided by f?
2
Suppose -2*l - 28 = -3*h + 34, 84 = 4*h - 4*l. Calculate the remainder when 50 is divided by h.
10
Let s(f) = -3*f + 2. Let m be (-2)/(-8) + (-66)/(-24). Suppose -m*r + 48 = -45. What is the remainder when r is divided by s(-3)?
9
Suppose 4*j - 205 - 11 = 0. Calculate the remainder when j is divided by 19.
16
Let v be ((-16)/20)/((-2)/(-185)). Let g = v - -104. Calculate the remainder when g is divided by 16.
14
Let y(b) = -3*b**3 - 2*b**2 - b - 2. What is the remainder when 62 is divided by y(-2)?
14
Let j = -3 + -1. Let a(o) = -o**3 - 4*o**2 - 3*o + 2. Suppose 2*i - 78 = -2*c, 5*c - 238 = -4*i - 84. Calculate the remainder when i is divided by a(j).
13
Let n = 2 - 3. Suppose 5*h + 0*h = -85. Let s = n - h. What is the remainder when 30 is divided by s?
14
Suppose -5*w = -2*c + 90, 0*c - 4*c - 3*w = -180. What is the remainder when 131 is divided by c?
41
Let d(o) = -o**3 - 8*o**2 + 7*o - 13. Calculate the remainder when 11 is divided by d(-9).
1
Let y(j) = 3*j - 25. Calculate the remainder when 76 is divided by y(15).
16
Suppose 0*p + 20 = 4*p. What is the remainder when (5 - 2)/(12/28) is divided by p?
2
Suppose 0 = -5*q + 10. What is the remainder when 4 is divided by q?
0
Let r(c) = -c**3 - 6*c**2 + c + 7. Let j be r(-7). Let i = j + -31. Calculate the remainder when i is divided by 10.
8
Let j(u) = 4*u**2 - 1. Let h = -138 + 196. Calculate the remainder when h is divided by j(2).
13
Let k = -8 - -18. Calculate the remainder when 69 is divided by k.
9
Let t = 1 - 5. Let j = 5 + t. Let y = j + 12. What is the remainder when 37 is divided by y?
11
Suppose 3*j - 129 = 1146. Suppose j = y + 4*y. Calculate the remainder when y is divided by 22.
19
Let a be (2 - 3) + 51 + 2. Let z = a - 126. Calculate the remainder when z/(-4)*(-8)/(-4) is divided by 13.
11
Suppose 144 = c + 3*c. Calculate the remainder when c is divided by -1*-1*(11 + 2).
10
Let a = 4 - -40. Let b(s) = -s**3 + 7*s**2 - 3*s - 2. Let j be b(4). Let m = j + -19. What is the remainder when a is divided by m?
14
Let g = -10 + 14. Let v(h) = 2*h + 1. What is the remainder when 15 is divided by v(g)?
6
Let i(k) = 9*k**3 - 6*k**2 - 3*k**3 - 7*k**3 - 3*k + 3. Let g(j) = 63*j**2 - j. What is the remainder when g(1) is divided by i(-6)?
20
Let f(y) = -y**2 + 11*y - 5. Calculate the remainder when 37 is divided by f(8).
18
Suppose 0 = 6*z - 107 - 103. What is the remainder when 102 is divided by z?
32
Let p = 14 - 10. What is the remainder when p is divided by 1?
0
Let s(y) = -y**3 + 2*y**2 + 4*y. Let b be (-3)/(1 + 4/(-2)). Let u be s(b). What is the remainder when (6/(-4))/(u/(-48)) is divided by 13?
11
Let s(v) = -v**2 - 6*v - 6. Let p be s(-4). Calculate the remainder when 11 is divided by (-1)/(p/(-14)*1).
4
Suppose 0 = -5*q + 3*b + 2*b + 15, -3*q = 4*b + 19. Let c(l) = -3*l**3 - l**2 - 2*l - 1. Let i = 15 - 8. What is the remainder when i is divided by c(q)?
1
Suppose -5 = -3*g - 4*f, 7*f - 6*f = 5*g - 16. Suppose -71 = -4*y - g*n, 5*y - 97 = n - 2*n. Calculate the remainder when 1/(2*3/228) is divided by y.
18
Let z = -224 - 2295. Let b = 6 - -9. Calculate the remainder when z/(-44) + 1/(-4) is divided by b.
12
Let b = -5 + 8. Let v(r) = 2*r**2 - 9*r + 9. Let h be v(6). Calculate the remainder when 2/(-5) + h/5 is divided by b.
2
Suppose 10 = 2*w - 2*g, w = 5*w + 5*g - 38. Calculate the remainder when (2 - 0)/((-5)/(-180)*3) is divided by w.
3
What is the remainder when 1/(-8) - (-1)/(32/3812) is divided by 20?
19
Let n = 107 + -60. Calculate the remainder when 185 is divided by n.
44
Suppose 4*p = 2*p - s + 7, 1 = -4*p + 3*s. Suppose -5*l + 205 = -u, -2*l - p*u = u - 99. What is the remainder when l is divided by 11?
9
Let o(z) be the first derivative of -2 + 29*z**2 - 6*z + 6*z. What is the remainder when o(1) is divided by 20?
18
Let x = 25 - 22. Calculate the remainder when 4 is divided by x.
1
Let n(q) = -4*q - 7. Let f(i) = 3*i + 6. Let p(g) = -5*f(g) - 4*n(g). Calculate the remainder when 15 + (-1 - -1) + -2 is divided by p(9).
6
Let w(c) = -c**3 + 5*c**2 + 2*c + 3. What is the remainder when w(5) is divided by 21/(-2)*(-2)/3?
6
Let z(g) = g**3 - 7*g**2 - 9*g + 10. Let f be z(8). Let b(l) = l + 2. Let j be b(f). What is the remainder when 34/5*20/j is divided by 12?
10
Suppose -5*o + 576 = -129. Suppose 3*f - o = -0*f - 5*a, a + 55 = f. What is the remainder when f is divided by 18?
16
What i